ommon divisor of 135 and 45.
45
What is the highest common divisor of 200 and 1900?
100
What is the highest common divisor of 442 and 136?
34
What is the highest common divisor of 360 and 90?
90
Calculate the greatest common divisor of 405 and 10.
5
Calculate the highest common factor of 153 and 24.
3
What is the greatest common divisor of 5816 and 8?
8
What is the greatest common factor of 26 and 4?
2
What is the highest common divisor of 2 and 7?
1
What is the highest common factor of 493 and 289?
17
What is the greatest common divisor of 335 and 268?
67
Calculate the greatest common factor of 19206 and 132.
66
Calculate the highest common divisor of 23 and 5934.
23
Calculate the highest common divisor of 265 and 212.
53
Calculate the greatest common factor of 47 and 14.
1
Calculate the greatest common divisor of 28 and 2464.
28
What is the greatest common divisor of 576 and 832?
64
Calculate the highest common factor of 2349 and 81.
81
What is the highest common factor of 219 and 6789?
219
What is the greatest common factor of 140 and 308?
28
What is the greatest common factor of 75 and 3?
3
What is the highest common factor of 15 and 53205?
15
What is the greatest common factor of 156 and 988?
52
What is the highest common factor of 32 and 272?
16
Calculate the highest common factor of 936 and 1508.
52
What is the greatest common factor of 1790 and 30?
10
What is the highest common divisor of 36 and 68?
4
What is the highest common divisor of 42 and 9?
3
Calculate the greatest common factor of 6540 and 300.
60
Calculate the highest common factor of 52 and 182.
26
Calculate the highest common divisor of 18 and 3258.
18
Calculate the highest common divisor of 312 and 884.
52
What is the greatest common divisor of 25 and 325?
25
What is the greatest common divisor of 225 and 175?
25
Calculate the greatest common divisor of 13328 and 1088.
272
Calculate the greatest common factor of 182 and 70.
14
What is the greatest common factor of 80 and 384?
16
What is the greatest common divisor of 244 and 4331?
61
Calculate the highest common divisor of 156 and 24.
12
What is the highest common divisor of 260 and 160?
20
What is the greatest common factor of 333 and 27?
9
Calculate the highest common factor of 236 and 8.
4
Calculate the greatest common divisor of 3280 and 80.
80
What is the highest common factor of 5 and 69?
1
Calculate the highest common factor of 3025 and 121.
121
What is the greatest common factor of 531 and 9?
9
Calculate the greatest common factor of 85 and 655.
5
What is the highest common divisor of 399 and 546?
21
Calculate the greatest common divisor of 540 and 20.
20
Calculate the greatest common divisor of 114 and 399.
57
Calculate the greatest common divisor of 52 and 91.
13
What is the highest common factor of 51 and 16201?
17
What is the greatest common divisor of 828 and 92?
92
Calculate the highest common divisor of 182 and 104.
26
What is the greatest common factor of 168 and 24?
24
Calculate the highest common divisor of 34 and 44.
2
Calculate the greatest common factor of 4964 and 34.
34
Calculate the greatest common factor of 24 and 84.
12
What is the highest common divisor of 2242 and 38?
38
Calculate the highest common divisor of 69 and 69.
69
What is the highest common factor of 26 and 702?
26
Calculate the highest common divisor of 69 and 92.
23
Calculate the highest common divisor of 1998 and 2553.
111
What is the greatest common factor of 1 and 43?
1
What is the greatest common factor of 189 and 1593?
27
Calculate the greatest common divisor of 118 and 4307.
59
Calculate the greatest common divisor of 576 and 342.
18
Calculate the greatest common factor of 609 and 21.
21
Calculate the highest common divisor of 986 and 58.
58
What is the highest common divisor of 400 and 2340?
20
What is the greatest common factor of 7 and 2261?
7
Calculate the greatest common divisor of 1085 and 310.
155
What is the highest common factor of 23077 and 94?
47
What is the greatest common divisor of 2128 and 784?
112
Calculate the greatest common divisor of 376 and 1786.
94
What is the greatest common divisor of 9 and 24?
3
What is the highest common factor of 744 and 1147?
31
What is the highest common factor of 220 and 20?
20
Calculate the greatest common factor of 10 and 6080.
10
What is the greatest common divisor of 33 and 2057?
11
Calculate the greatest common factor of 213 and 639.
213
What is the greatest common factor of 3913 and 91?
91
Calculate the greatest common factor of 12298 and 26.
26
Calculate the greatest common divisor of 12 and 84.
12
Calculate the greatest common factor of 78 and 91.
13
Calculate the greatest common divisor of 18 and 110.
2
What is the highest common divisor of 40 and 95?
5
What is the highest common factor of 2112 and 192?
192
Calculate the greatest common factor of 9 and 288.
9
Calculate the greatest common factor of 30 and 8610.
30
Calculate the greatest common divisor of 44 and 748.
44
What is the highest common factor of 135 and 54?
27
Calculate the greatest common divisor of 100 and 325.
25
What is the greatest common factor of 3875 and 31?
31
Calculate the highest common divisor of 435 and 1218.
87
What is the greatest common divisor of 657 and 584?
73
What is the highest common factor of 5038 and 22?
22
Calculate the greatest common divisor of 2489 and 76.
19
What is the greatest common factor of 371 and 159?
53
Calculate the highest common factor of 1485 and 11.
11
What is the greatest common factor of 52 and 6058?
26
Calculate the highest common factor of 45 and 45.
45
What is the highest common divisor of 462 and 66?
66
What is the greatest common factor of 18 and 1422?
18
Calculate the highest common factor of 864 and 384.
96
What is the greatest common divisor of 31 and 651?
31
What is the greatest common factor of 5248 and 256?
128
Calculate the greatest common divisor of 13 and 13.
13
What is the greatest common factor of 528 and 330?
66
What is the greatest common factor of 56 and 868?
28
Calculate the greatest common factor of 28 and 20.
4
What is the highest common factor of 118 and 6431?
59
What is the highest common divisor of 2108 and 124?
124
What is the highest common factor of 72 and 207?
9
What is the highest common factor of 28773 and 23?
23
What is the greatest common factor of 13 and 1651?
13
What is the greatest common factor of 51 and 3621?
51
Calculate the greatest common factor of 334 and 28.
2
What is the highest common factor of 2 and 14?
2
Calculate the greatest common factor of 21606 and 78.
78
What is the greatest common factor of 18 and 8?
2
Calculate the highest common factor of 49 and 441.
49
Calculate the greatest common factor of 2944 and 23.
23
Calculate the greatest common factor of 2279 and 215.
43
Calculate the highest common divisor of 171 and 38.
19
Calculate the highest common divisor of 5829 and 348.
87
Calculate the greatest common divisor of 665 and 57.
19
What is the highest common factor of 10 and 7290?
10
Calculate the greatest common factor of 752 and 22936.
376
Calculate the highest common divisor of 35 and 63.
7
Calculate the highest common divisor of 2076 and 576.
12
Calculate the highest common factor of 13148 and 38.
38
What is the highest common factor of 2832 and 48?
48
Calculate the highest common divisor of 800 and 1150.
50
What is the highest common factor of 2240 and 10360?
280
Calculate the greatest common factor of 207 and 9.
9
Calculate the highest common divisor of 64 and 4.
4
What is the highest common factor of 30 and 15?
15
Calculate the greatest common divisor of 22 and 374.
22
Calculate the greatest common factor of 1326 and 4.
2
Calculate the highest common factor of 4563 and 39.
39
What is the highest common factor of 54 and 1674?
54
What is the highest common factor of 124 and 4?
4
Calculate the greatest common divisor of 10 and 335.
5
Calculate the highest common divisor of 288 and 9.
9
What is the highest common divisor of 3233 and 106?
53
Calculate the highest common factor of 69 and 1541.
23
Calculate the greatest common divisor of 22220 and 440.
220
What is the highest common factor of 815 and 1467?
163
Calculate the highest common divisor of 247 and 19.
19
Calculate the highest common factor of 72 and 218